= -552 - -595. What is the remainder when 82 is divided by t?
39
Suppose -2*a + 4*a - 9*g - 211 = 0, -580 = -5*a + 5*g. Calculate the remainder when 239 is divided by a.
1
What is the remainder when 186 is divided by (-11 + 4 + 4)*(-188)/12?
45
Suppose 74*j - 175 = 73*j. What is the remainder when j is divided by 72?
31
Suppose t - 5 = 0, 0 = 3*o - 9*t + 6*t - 3. Calculate the remainder when 17 is divided by o.
5
Let y = -2 + 4. Let m = -57 - -93. Suppose 4*n - 2*k - 6 = 18, -4*n - 4*k + m = 0. What is the remainder when n is divided by y?
1
Let r(u) = -u**3 + 8*u**2 + 3*u + 2. Suppose 0 = -c + 2*d + 5, 2*c - 2*d - 20 = 0. What is the remainder when r(8) is divided by c?
11
Suppose 11*v - 480 = -v. Calculate the remainder when v is divided by 21.
19
Let c = -44 + 56. Suppose -g = 5*b - 23, -5*g + 0*g = 2*b - 23. What is the remainder when c is divided by b?
0
Suppose 2*s - 331 = 3*x, 5*s + x - 318 = 467. Calculate the remainder when s is divided by 16.
14
Suppose 1466 = 11*b + 278. What is the remainder when 536 is divided by b?
104
Let t(p) = -p**3 + 7*p**2 - p. Let l = 33 + -27. Let c = 251 + -132. What is the remainder when c is divided by t(l)?
29
Suppose 31*l - 38*l = -84. What is the remainder when 115 is divided by (-142)/(-6) - (-4)/l?
19
Suppose 2*i + 64 = 3*i. Suppose 2*p = 4, 14 = 2*j - 5*p + p. Calculate the remainder when i is divided by j.
9
Suppose -4*z + 67 = -3*v + 4*v, 5*v + 1 = z. Calculate the remainder when (-2)/(0 + (-4)/34) is divided by z/2 + (-4)/(-2).
7
Let d = -13 + 17. Suppose -2*t = 4*a - 58, 2*t - 5 = d*a - 67. Suppose -4*j + 118 = -2*v, -2*j - 4*v + 3 = -41. What is the remainder when j is divided by a?
13
Suppose 4*l - 3*l = 28. What is the remainder when 130 is divided by l?
18
Suppose -9 = n + 4*t, -t = -2*n + n - 9. Let u be (-8)/((-12)/n - 1). Calculate the remainder when 12/(-4) - u - 3 is divided by 7.
4
Let o(z) = 3*z**2 + 5*z - 17. Let c be ((-18)/8 - -3)*4. Suppose -2*a = -5*k + 27, -3*k + c*a - 5 = -2*k. What is the remainder when o(3) is divided by k?
4
Suppose 4*q - 63 = 21. Let r = 2144 - 2138. What is the remainder when q is divided by r?
3
Suppose 0 = y - 38 + 34. Suppose -3*c + 2*n + 35 = y*n, -61 = -5*c - 4*n. What is the remainder when 34 is divided by c?
7
Let t be 21/((12/(-14))/(-2)). Suppose 3*s - t = -4*s. Calculate the remainder when -16 - -15 - -2*14 is divided by s.
6
Let u be 7/(28/344) - -2. Let f = -47 + u. Calculate the remainder when f is divided by 6.
5
Suppose 0 = 13*y + 1128 - 1453. Calculate the remainder when 64 is divided by y.
14
Let g = 449 + 124. What is the remainder when g is divided by 72?
69
Suppose -i + 5*m + 10 = -42, -5*m - 10 = 0. Suppose 55*y - 645 = 12*y. What is the remainder when i is divided by y?
12
Let k = 560 + -246. Calculate the remainder when k is divided by 45.
44
Suppose -2*z - 3*i + 83 = 0, z = -2*z - i + 142. Let m(j) = j**3 + 18*j**2 + 16*j - 4. What is the remainder when z is divided by m(-17)?
10
Let a be ((-46)/5 + -2 + 1)*10. What is the remainder when (a/(-4))/((-9)/(-12)) is divided by 18?
16
Let x(k) = -k**2 + 18*k + 430. Calculate the remainder when x(-13) is divided by 50/4*8/10.
7
Let f be 1/((-1)/29*-1). Let j = f + 2. Let n = j + -15. Calculate the remainder when 29 is divided by n.
13
Let b = 13 + -8. Let a = 49 + -49. Suppose a = b*o - l - 406, -3*o - 2*l + 245 = -4*l. Calculate the remainder when o is divided by 21.
18
Suppose 0 = 5*k - 5*u - 45, k + 3*u = -12 + 1. Let x = 25 - 18. What is the remainder when x is divided by k?
3
Let v(h) = -h**3 - 12*h**2 - 12*h + 7. Calculate the remainder when 124 is divided by v(-11).
16
Let x(y) = 3*y**2. Let a be x(-1). Suppose a*l = -9, -42 = -0*t - 4*t + 2*l. Calculate the remainder when 2/(-7) + 13/(-91)*-233 is divided by t.
6
What is the remainder when 473 is divided by 37 - 16/((-208)/(-39))?
31
Let h = 51 + -16. Suppose 0 = 4*u - 49 - h. Let m = u + -16. What is the remainder when m is divided by 2?
1
Let k(t) = t**3 - 12*t**2 + 14*t - 30. Calculate the remainder when (-2 + 3)*(1 - -3) is divided by k(11).
1
Let h = -17 + 26. Suppose -8*y = -h*y + 33. Suppose -y = -o - 2*o. Calculate the remainder when o is divided by 6.
5
Let x(q) = q**3 - 2*q**2 + 3*q - 5. Let d = -65 - -71. Calculate the remainder when x(d) is divided by 10.
7
Let w = 838 - 510. Calculate the remainder when w is divided by 11.
9
Suppose 5*h = -y + 35 + 13, 5*h - 51 = -2*y. Calculate the remainder when 61 is divided by h.
7
Calculate the remainder when 114 is divided by (-1 - 2)*17/(-153)*51.
12
Let a = 731 + -724. Let b(z) = 2*z**2 - 9*z + 7. Let x be -8*(-2 + (-5)/(-4)). What is the remainder when b(x) is divided by a?
4
Suppose 0*p + g = -4*p + 518, 510 = 4*p + 5*g. Suppose -p = 14*y - 24*y. What is the remainder when (2 + -8)*(-1 + -5) is divided by y?
10
Let j be 1 - -1*(-1 + 3). Suppose -j*u + 9 = 3*t, 2*u - 4*t + 2*t = -2. What is the remainder when (2*1/3)/((-12)/(-18)) is divided by u?
0
Calculate the remainder when 4/5 - (-618)/15 is divided by 5.
2
Suppose 28*q = 34*q - 36. What is the remainder when 130 is divided by q?
4
Let n = 209 - 163. Calculate the remainder when n is divided by 13.
7
Let w(i) = -21*i. Let b(o) = -22*o - 1. Let n(l) = 2*b(l) - 3*w(l). What is the remainder when 43 is divided by n(1)?
9
What is the remainder when 153 is divided by (-126)/(-3) + 3 + 7/(-7)?
21
Suppose v + 1 = 5*y + 2, 41 = v + 5*y. What is the remainder when 48 is divided by v?
6
Let n = 57 - 33. Suppose -4*f - n = -100. What is the remainder when (-296)/6*15/(-10) is divided by f?
17
Suppose -2183 = -o - l, 8*o + 3*l = 3*o + 10913. What is the remainder when o is divided by 115?
112
Suppose 6*t + 64 = 226. Suppose 187 = 5*k - 5*b + t, k - 5*b = 24. What is the remainder when 93 is divided by k?
25
Suppose 0*l - 3*l = -5*j + 12, 0 = 3*l - 4*j + 9. Calculate the remainder when l is divided by 1.
0
Let l(r) = r**3 - 4*r**2 - 4*r + 1. Let x be l(5). Suppose 44 = x*f - 52. What is the remainder when 95 is divided by f?
15
Let c be (51/(-34))/((-1)/2). Calculate the remainder when 59 is divided by 23 - 6/c*1.
17
Let b(r) = -15*r - 20. What is the remainder when b(-10) is divided by 9?
4
Let b be 888/12*275/2. Let j be b/44 - (-1)/(-4). What is the remainder when 56 is divided by j/15 + (-6)/15?
11
Suppose -9*k = -12*k + 51. Suppose -5*v - 29 + 9 = 0. Calculate the remainder when k is divided by (-5)/(-2)*v/(-2).
2
Suppose x - 24 = 3*o, 5*x = 2*o + 11 + 70. What is the remainder when 32 is divided by x?
2
Let i be 4/(-6)*(-45)/30. Let z = i - -23. Let w = 40 - z. Calculate the remainder when 47 is divided by w.
15
Suppose -2*v = 2*v - 36. Suppose 0 = -6*z + v*z - 384. Suppose -z = -4*n + 2*n. What is the remainder when n is divided by 17?
13
Let s = -12 - -20. Let f be (3 + s/(-3))*-3. Calculate the remainder when 147/6 + f/2 is divided by 7.
3
Calculate the remainder when 18 is divided by 7*(-12)/(-42)*5.
8
Suppose 15*l = 44 + 706. What is the remainder when l is divided by 4?
2
Let w(m) = m**2 - 35*m + 247. Calculate the remainder when 209 is divided by w(6).
63
Suppose 4*y - 7*y - 4*n = -277, n = y - 104. Calculate the remainder when 300 is divided by y.
3
Suppose -11*j = 5*w - 12*j - 139, -2*j = -4*w + 116. Suppose 7 = g - 8. Calculate the remainder when w is divided by 3/g + (-49)/(-5).
7
Let w(t) be the third derivative of t**5/60 - 19*t**4/24 + 23*t**3/6 - 33*t**2. Let p(s) = -9*s. Calculate the remainder when p(-2) is divided by w(18).
3
Let y be 46*7*6/21. Let m = 268 + -137. Let t = m - y. What is the remainder when t is divided by 20?
19
What is the remainder when 286 is divided by 10/(5 + 0) - (-37 - -3)?
34
Suppose v = -v + 48. Let z = v - 16. Calculate the remainder when 28 is divided by z.
4
Suppose -3*w = -33 - 126. Let q(a) = 1 + 4*a - 9*a + 4*a + 5. Calculate the remainder when w is divided by q(-12).
17
Calculate the remainder when -5 - ((-208)/8)/((-6)/(-21)) is divided by 22.
20
Let g = 95 - 41. What is the remainder when g is divided by 14?
12
Let f = -41 + 63. What is the remainder when f is divided by 6 + 3 + 4/(-2)?
1
Let y(z) = -z + 27 - z + z + 4. What is the remainder when y(-17) is divided by 10?
8
Suppose -4*z = h - 59, -7*z + 2*z = -4*h + 257. Let j = -18 + h. Suppose 0 = i + 4 - 16. What is 